) = y**3 + 6*y**2 - y - 2. Let d be m(-6). Let a = d - 1. Suppose 4*g = a*g + 85. Is g composite?
True
Suppose j - 5 = -0*j. Suppose 2*n - 176 = 3*o, -j*n - 3*o + o = -459. Is n a composite number?
True
Let d(j) = -53*j + 2. Let n(h) = -35*h + 1. Let p(w) = 5*d(w) - 7*n(w). Is p(-10) prime?
False
Let o(c) = -5*c + 9. Let t be o(8). Let f = 126 + t. Is f composite?
True
Suppose 37 = -3*v + 4*v. Is v composite?
False
Let s = 411 + -116. Is s a composite number?
True
Let u = -221 + 385. Let i = -87 + u. Is i a composite number?
True
Let z(b) = 14*b**3 + b**2 - b + 1. Suppose 3 = 3*g - 0*g. Is z(g) composite?
True
Let b = 87 - 43. Suppose -2*o + 0*o = -b. Is o composite?
True
Let l(j) = 66*j - 1. Suppose -g + 4 = 3. Is l(g) prime?
False
Suppose -3*r = -6*r. Suppose r = 2*g + g - 105. Is g a prime number?
False
Suppose -3*x = 929 - 5846. Is x a prime number?
False
Let d = -7 - 0. Suppose r + 2 - 9 = 0. Is (-2)/r + (-149)/d prime?
False
Let t(y) = -195*y + 2. Let u be t(-1). Let g = 81 - 41. Let o = u - g. Is o prime?
True
Is 238 - -2 - (2/(-1) + 3) prime?
True
Is (2 - 5) + 2 + 908 a prime number?
True
Suppose 4*m - 3*m - 94 = 0. Is m prime?
False
Suppose 6487 = 9*o - 9056. Is o a composite number?
True
Suppose 0 = 2*n - 5*n - 45. Is (-6)/n - 453/(-5) prime?
False
Let a(f) = -f**3 + 4*f**2 - 2*f + 2. Let c be a(3). Suppose 3*g = -c*w + 24, g - 11 = -3*w + 1. Is w a prime number?
True
Let f(o) = 5*o + 10. Let i(s) = s. Let v(h) = f(h) - 3*i(h). Is v(8) a composite number?
True
Let c = 913 + -518. Suppose c = 3*r + 2*r. Is r prime?
True
Let k(q) = -q**3 + 19*q**2 - 12*q + 5. Is k(8) a composite number?
False
Let m(v) = 2*v - 2. Let z be m(4). Suppose -4*d = -z*w + 2*w - 28, 3 = d - 2*w. Is d a prime number?
True
Suppose 16 = 5*j - j. Let u be (j - (-1 - -3)) + 29. Suppose 146 = 3*z - u. Is z a prime number?
True
Let h(s) = -s**3 + s**2 + 35. Is h(0) a composite number?
True
Let r = 52 - 131. Let y = r - -182. Is y composite?
False
Suppose 0 = 2*d - 201 - 401. Is d prime?
False
Let w be (-30)/9*6/(-4). Suppose 2*d - 522 = -0*d + w*u, u - 749 = -3*d. Is d composite?
False
Suppose -2*x - s + 228 = 0, -3*x = -s + 6*s - 349. Is x a composite number?
False
Suppose -5*c + 5*n + 5030 = 0, 87 = -3*c - 5*n + 3113. Is c a prime number?
False
Suppose 2*b = 15 - 7. Suppose 2*k + i - 6*i = 249, -b*k = 4*i - 512. Is k prime?
True
Is (-720)/(-2) + 42/(-21) a prime number?
False
Let y = 28 + -16. Is 2/(y/194)*3 a composite number?
False
Let x = 14 + -8. Suppose 3*z - x = z. Suppose 2*b = -z + 9, 4*b + 224 = 4*q. Is q composite?
False
Suppose 2*l = 7*l - 990. Let k = -119 + l. Is k prime?
True
Let n(v) = 3*v + 3. Let y(z) = -z + 1. Let u(c) = n(c) + y(c). Let h be u(7). Suppose -5*m + 1 = -w + h, 2*m - 82 = -2*w. Is w composite?
False
Let x(j) = 10*j**2 + 4*j. Let i be x(3). Let k = i + -71. Is k composite?
False
Is 2419/9 + (-16)/(-72) a prime number?
True
Suppose -n = -4*o - 2 + 5, 4*o + 4*n - 28 = 0. Suppose -o*r + 186 = -104. Is r prime?
False
Suppose -2 + 4 = 3*t + 2*f, 0 = 5*t - f + 1. Let q = 2 + t. Suppose 4*u = 2*k + 150, -151 = -q*u - 2*u + 3*k. Is u prime?
True
Let j(h) be the third derivative of -h**6/120 + h**5/5 - 5*h**4/12 + 7*h**3/3 + h**2. Is j(11) a prime number?
False
Suppose 4*i = i - 2*o + 6, 5*i - 10 = o. Is (1 - i/1)*-87 a composite number?
True
Let s(u) = -u**2 - 13*u - 2. Is s(-8) composite?
True
Suppose 0*f = -5*f + 50. Is 102/5 + 6/f composite?
True
Suppose -2*y = -0*y - 10. Suppose j + 3*l - 92 = 2*l, -j + 74 = -y*l. Is j composite?
False
Let f = 23 - 27. Is 4 + (f - -4) + 485 prime?
False
Let m(u) = -u + 673. Is m(0) composite?
False
Let p be (-100)/(-3)*(-108)/24. Let b = 269 + p. Is b a prime number?
False
Suppose -o + 20 = 3*o. Suppose 0 = -3*g - 2*p + 74, 2*g - o*p - 9 = 34. Let i = g - 14. Is i a prime number?
False
Suppose -5*m = -6*m - 80. Let y = -21 - m. Is y a prime number?
True
Suppose 6*x - 83 = 487. Is x a prime number?
False
Is 174/18 + (-1)/(-3) prime?
False
Let f = -222 + 559. Is f a prime number?
True
Let v(c) = -c**3 - c**2 + 16. Let s be v(0). Suppose -4*y = s, -2*q + y = 2*q - 28. Is q prime?
False
Let d(j) = -87*j - 28. Is d(-5) composite?
True
Let p = -5 + 5. Suppose p = j - 295 - 120. Is j composite?
True
Let h = -269 - -476. Let i = -120 + h. Is i a composite number?
True
Let d = 933 + -292. Is d a prime number?
True
Let m = 281 - 416. Is (2/(-3))/(6/m) composite?
True
Suppose -x = 4 - 0. Is (-214)/x - (-1)/(-2) composite?
False
Let w be -27*(48/(-9))/2. Suppose i + 5*s + 12 = w, i - 5*s - 10 = 0. Is i a prime number?
False
Is 23/(-2)*(-396)/18 composite?
True
Suppose -1 = -2*c + 9. Suppose -c = -3*z - 17, g + 5*z + 15 = 0. Suppose -n = -g*n + 140. Is n composite?
True
Suppose 5*z - 288 = -2*h, -2*z = h - 6*z - 131. Is h a prime number?
True
Let k(v) be the second derivative of 29*v**3/6 - 3*v**2/2 - 2*v. Let s be k(2). Suppose -u + 6*u = -5*m + s, 5*u + m - 35 = 0. Is u prime?
False
Let h(l) be the first derivative of -l**4/4 + 4*l**3/3 - l**2 + 2. Let o be h(3). Suppose 0 = -o*g + 4*g - 19. Is g a composite number?
False
Suppose -2*q - 489 = -1663. Is q a composite number?
False
Suppose -r = 3*r - 16, 5*c - 2*r - 1587 = 0. Is c composite?
True
Let t be (0 - -1) + -1 + 85. Suppose 0*v = -4*v - 4*c + 128, -2*v = -5*c - t. Is v a composite number?
True
Suppose -4*w - 4*t - t - 81 = 0, 0 = -4*w - t - 93. Let g be (w/(-9) - -1)*18. Suppose -j + g = j. Is j prime?
False
Let z be 2/4 - (-54)/12. Suppose -4 = -2*x, -120 = -z*r + 3*x + 2*x. Is r prime?
False
Suppose -3*q = 33 - 186. Is q/7 + 4/(-14) prime?
True
Let q be (0 - 1) + (0 - -3). Suppose -d - 1 + q = 0. Let c(m) = 50*m - 1. Is c(d) composite?
True
Let q be 3/(-1 + -2)*1. Let a be (0 - q - 2)*-3. Suppose a*z = z + 62. Is z a prime number?
True
Let w be 26/(-65) - (-22)/5. Suppose -w*m = -164 - 192. Is m a composite number?
False
Let m(n) = n - 8. Let d be m(6). Let a(t) = -9*t**2 + 1. Let o be a(d). Let u = -21 - o. Is u a composite number?
True
Suppose 0*o + 307 = o. Is o prime?
True
Let p(y) = -33*y**2. Let g(l) = -33*l**2. Let q(v) = -5*g(v) + 6*p(v). Let b be q(4). Is b/(-10) + 5/25 composite?
False
Let d = 2 + 2. Is 6/d - (-525)/6 prime?
True
Let n = -33 - -146. Is n a prime number?
True
Let y = 211 + -108. Is y a composite number?
False
Suppose -5*j + 1897 = -588. Is j a composite number?
True
Let m(a) = a - 15. Let c be m(13). Let y = 8 + c. Let w(v) = 2*v**2 + v - 1. Is w(y) prime?
False
Let i(t) = 4*t**3 + t**2 - 3*t - 1. Is i(4) composite?
True
Let s(o) = o + 56. Is s(11) prime?
True
Let p(n) = 8*n**2 + n + 17. Is p(-8) a composite number?
False
Let x(q) = 4*q**2 + q. Let u be x(-1). Suppose -63 = -4*d - 0*g - u*g, -4*d + 23 = -5*g. Suppose 0 = -i + d - 1. Is i prime?
True
Let i = 10 - 6. Suppose i*q + 0*q = 268. Is q prime?
True
Suppose 2*j - 4*j + 4 = 0. Let k be ((-4)/j)/((-1)/5467). Is k/33 - 2/6 a prime number?
True
Let j = -3606 + 5087. Is j composite?
False
Suppose -2*g + 267 = 4*h - 427, -g + 347 = 4*h. Is g composite?
False
Suppose 0*t = 2*h - 3*t - 4919, h + 5*t - 2440 = 0. Is h a composite number?
True
Let b be (18/10)/((-9)/(-30)). Suppose -b*h + 2*h = -20, -4*j + 125 = -3*h. Is j composite?
True
Let k(t) = -t**3 - 3*t**2 + 2*t - 5. Let x be k(-4). Let p = 6 - x. Suppose 5 = p*g - 4. Is g prime?
True
Suppose -4*r - 5*x + 22016 = -0*r, -5*x = -2*r + 11038. Is r a composite number?
True
Let y be (1 - -37)*1/1. Suppose -s + 13 = -3*l + 117, l - 2*s = y. Is l a prime number?
False
Suppose 5*f + 30 = -0*f. Let i(z) = z**2 + 13*z - 4. Let b be i(f). Let u = 65 + b. Is u a composite number?
False
Let w(f) = 24*f**2 + 6*f - 11. Is w(4) composite?
False
Suppose 0 = -2*g - 5*j + 6330, 5*g + 3*j - 7671 = 8116. Is g composite?
True
Suppose -2923 = -2*s + s + 2*y, 5*y = -20. Suppose -2*x + 4*o = -1166, -5*x + s = 5*o - 15. Suppose 5*v = x - 190. Is v a composite number?
False
Suppose 1548 = 6*y - 1014. Is y composite?
True
Suppose 0*b + 4*t = 2*b - 48, -5*b = t - 87. Let l = -4 + b. Suppose -h - 19 = -a, h + l = 3*a - 33. Is a composite?
True
Is 6/(-8) - (-4280)/32 composite?
True
Suppose -g + 683 - 264 = 0. Is g a composite number?
False
Let c(q) = 22*q + 2. Let b be c(7). Let t be (1 - (-4)/(-8))*10. Suppose 0 = t*r + b - 1061. Is r composite?
False